 2*o. Determine t(-12).
-7
Let y = 54 - 49. Let x be 1 + 1 - (2 + y). Let q(t) = 5*t - 3. Let m(c) = c + 1. Let w(a) = -6*m(a) + q(a). What is w(x)?
-4
Suppose 2*m + 3*m + 40 = 4*n, 0 = -4*m + 4*n - 32. Let i(c) = c**3 + 8*c**2 - c - 5. Determine i(m).
3
Let v(o) be the second derivative of o**3/6 - o**2 - 36*o - 2. Let m(n) = n**3 - 7*n**2 - 7*n - 5. Let i be m(8). Determine v(i).
1
Let m(r) = -6*r + 1. Let f(y) = -5*y + 1. Let p(j) = -4*f(j) + 3*m(j). Suppose -38*c - 23 - 167 = 0. Calculate p(c).
-11
Let t(r) be the second derivative of r**3/6 - 19*r**2/2 - 12*r + 7. Give t(12).
-7
Let x(t) be the third derivative of t**4/8 + 2*t**3/3 + 2*t**2. Let m be x(0). Let h(u) = u + 1. Let r(b) = -b - 1. Let a(o) = -h(o) - 2*r(o). Give a(m).
5
Let s(u) = -3*u**2 + 2*u - 2. Suppose 33 = 22*g - 11. Calculate s(g).
-10
Suppose 24*n + 1 = 25*n. Let f(p) = 3*p**2 + p. What is f(n)?
4
Let i(m) = -4*m**2 + 19*m + 4. Let b(u) = 3*u**2 - 13*u - 3. Let c = 12 + -7. Let t(a) = c*i(a) + 7*b(a). Give t(-4).
-1
Let c(p) = -p - 6*p + 0 + 6*p - 1. Give c(-7).
6
Let b(s) = 18 + 11 + s - 29*s + 4*s**2 - 3*s**2 - 1. Give b(27).
1
Let g(h) = -3*h**2. Suppose 0 = m + 4*m. Let w be (m + 1/1)*1. Determine g(w).
-3
Let z be (2/(-2))/1 - 3. Let k(c) be the first derivative of -1/4*c**4 - 9 - 4/3*c**3 + 2*c + 1/2*c**2. What is k(z)?
-2
Let n(c) be the first derivative of -1/3*c**3 - 3*c - 5/2*c**2 - 6. Calculate n(-5).
-3
Let u(n) = 2*n + 10 - 9 - 1 - 1. Let f be (2 + -2 - 2)*-2. Calculate u(f).
7
Let r(j) = 21 + 8*j + 21 - 39 + 3*j**2. Determine r(-3).
6
Suppose -20 + 30 = 2*c. Suppose -3*j - x = -0*j - 1, 5*x = j + 5. Let y(u) = 3*u + u**3 - u**2 + 6 - 5*u**2 + 0*u**3 + j. Give y(c).
-4
Suppose -3*g - 3*l = 8 + 16, -g = 2*l + 9. Let v(n) = 1011 + n + 1024 - 2*n - 2047. Let a be v(g). Let u(p) = p**2 + 7*p + 3. Calculate u(a).
-7
Let p = 7 + -10. Let q be 1/(((-3)/(-5))/p). Let k(v) = v**2 - 16*v - 2 + 22*v + 9. What is k(q)?
2
Let l(o) = o + 8. Suppose -11*c = -14*c - 9. Determine l(c).
5
Let g(b) be the third derivative of b**5/60 - b**4/8 + b**3/6 - 199*b**2. Give g(5).
11
Let d(b) = b - 1. Let k(u) = 2*u - 4. Let h(q) = -3*d(q) + k(q). Let a be h(-10). Suppose 0 = 3*g + 3 - a. Let l(j) = 2*j - 3. Determine l(g).
1
Suppose 40*u = 485 - 165. Let s(y) = y**2 - 10*y - 8. Let o(l) = -l**2 + 11*l + 7. Let k(r) = 3*o(r) + 4*s(r). Calculate k(u).
-3
Let u(x) = -3*x - 3. Let n be -3 - (16/6)/(18/27). Let p be (-2)/n - (-138)/(-42). What is u(p)?
6
Let q(i) be the second derivative of 0 - 2/3*i**3 - 6*i - 1/12*i**4 - 7/2*i**2. Determine q(-5).
-12
Let v(a) = 3*a - 1 + 2 + 4 - a. Let y = -20 - -6. Let x = y + 9. Calculate v(x).
-5
Let n(m) = -m - 4. Let a be n(-6). Let g(o) = -o**2 - 5*o - 2. Let x be g(-3). Let i(y) = 4*y + x - a*y + y - 1. Determine i(-3).
-6
Suppose 0 = -23*m + 22*m - 9. Let o(v) = -v**3 - 10*v**2 - 9*v + 2. Give o(m).
2
Suppose -2 = -s - 3*z + 1, 0 = -2*s - 5*z + 6. Let x(a) = -a**2 - a + 4. Let p(j) = 6*j**2 + 5*j - 20. Let v(y) = 2*p(y) + 11*x(y). Calculate v(s).
10
Let i(x) = -3*x + 4*x + 1 - 3*x + 3. Suppose -5*p + 5*v = 0, -4*p - 4*v = -v - 14. Suppose 4*w + p*q - 16 = 0, 0 = 4*w - 4*q - 34 - 6. Calculate i(w).
-8
Let o(p) = p - 4. Let j be 10/(-6 - (6 + -14)). Give o(j).
1
Let m(f) = f + 3. Let b(u) = 2*u**2 + 15*u + 2. Let l be b(-7). Determine m(l).
-2
Suppose 6*f - f = j + 91, 3*j + 45 = 3*f. Suppose -4 = 20*b - f*b. Let a(v) = v**3 + 3*v**2 - 3*v + 2. Calculate a(b).
-2
Let p = -2 + 8. Let j(b) = b**3 - 10*b**2 - 11*b + 4. Let f be j(11). Let o be 27/p*f/(-6). Let q(h) = -h - 2. Determine q(o).
1
Let k be ((-2)/4 + 0)*0. Let m = 2 - k. Let v(o) = -o**3 + o**2. Determine v(m).
-4
Let j be 0 - 0/(5*6/15). Suppose j = -5*q, 3*f + 4*q = q + 9. Let s(h) = -h**2 + 3*h + 2. Calculate s(f).
2
Let w(y) be the second derivative of -y**5/20 - y**3/6 - 6*y**2 - 152*y. Calculate w(0).
-12
Let w(c) = -3*c - 4. Let p be 23/46*(1*-2 - 0). Let k be w(p). Let z(h) be the first derivative of -2*h**3/3 - h**2/2 - h - 1. What is z(k)?
-2
Let j be 69/(-21) - (-5)/(105/6). Let m(u) = -2*u**2 - 10*u + 2. Let v(w) = 3*w**2 + 10*w - 2. Let l(y) = j*v(y) - 4*m(y). What is l(5)?
23
Let r(a) = a**3 - 5*a**2 + a. Let i be r(5). Let z(j) = 137*j - 70*j - 69*j + 4. Determine z(i).
-6
Let x(g) = -2*g. Let o(s) = s - 10. Let k(n) = n - 9. Let l(r) = 6*k(r) - 5*o(r). Suppose -5*q + 3*q + 12 = 0. Let i be l(q). What is x(i)?
-4
Let y(j) be the first derivative of -2*j**2 - 2*j + 28. Suppose 3*t = 11 + 1. Let s be t/(-5)*30/12. What is y(s)?
6
Let f be -1 - (2 - 33)*-4. Let n = -129 - f. Let s(j) = -j**2 - 3*j + 1. What is s(n)?
-3
Let w(l) = -l - 26. Let y be w(-6). Let g = -20 - y. Let n(q) = -3*q**2 + 4*q**2 + q + 0 + q**3 - 4. Determine n(g).
-4
Let b be 2 + 0 + 5 + -2. Suppose 8 = -4*z, 2*a + z = 3*a - 4. Let x(r) = -a*r + 5 + 5 - 5. Calculate x(b).
-5
Let t be (22/(-44) - (-5)/(-2))*1. Let l(f) be the first derivative of -f**2/2 + 3*f - 1. Give l(t).
6
Let a(l) = 0*l + 5 - 10*l**3 + 6*l**2 - l + 9*l**3 - 6*l. Determine a(5).
-5
Let g(t) = -13*t - 1. Let a(f) = -21*f - 2. Let c(q) = -5*a(q) + 8*g(q). Determine c(-1).
1
Suppose 35*q - 30*q = -40. Let y(i) = i**3 + 7*i**2 - 11*i - 4. Give y(q).
20
Let d(m) = -45*m**2 - 2*m - 1. Let v be -7 + 15 - (-18)/(-2). Give d(v).
-44
Let m = -33 - -34. Let w be 1*(m + 3/(-3)). Let l(z) = -z**2 + 6*z**2 - 4*z**2 + 4. Determine l(w).
4
Let b = -40 - -33. Let l(a) = -10*a - 1. Let d(r) = 9*r + 1. Let s(x) = b*d(x) - 6*l(x). Give s(-3).
8
Let g(y) = y**3 - 5*y**2. Let a be (-2 + -2 + 2)*-25. Let f = a - 45. What is g(f)?
0
Let g(i) = -23*i**2 + 25*i + 19. Let k(s) = -10*s**2 + 13*s + 9. Let c(w) = -3*g(w) + 7*k(w). What is c(14)?
34
Let m(v) = -v - 6. Let z(k) = -9 + 29 - 20*k + k**2 - 3*k**2 + 2. Let d be z(-11). Calculate m(d).
-6
Let u(p) = p**3 + 0 + 13*p - 6 - 5*p + p**2 + 12*p**2 - 3*p**2. Give u(-9).
3
Let l(p) = -p**3 + 3*p**2 - p + 1. Let q be -2 + -4*(-2)/2. Let j be l(q). Let r(v) = 3*v**2 + 4*v - 2*v**j + 2 - 9*v**2 + 2*v + 3*v**3. Give r(5).
7
Let b = -115 - -112. Let k(w) = -3*w**2 - w. Calculate k(b).
-24
Let t(b) = 0*b**2 - 839 - b**2 + b + 839. Determine t(0).
0
Let i(n) = -2*n**3 + 9*n**2 - 12*n. Let m(p) = -p**3 + 5*p**2 - 6*p. Let u(b) = -3*i(b) + 7*m(b). Let g be u(7). Let f(t) = -t**2 + 8*t - 1. Calculate f(g).
6
Suppose -3*s = -0*s - 30. Let l = 13 - s. Let t(a) = 6 - 3*a**2 - 2*a**l - 4 + 2*a**3 - a**3. Calculate t(-2).
-2
Let z(x) = -x**2 + 11*x + 7. Let q be 170/(-68)*72/(-15). Calculate z(q).
-5
Let o(q) = -2*q + 5*q - 1 + 2 + 6. Let a(g) = -13*g - 72. Let h be a(-6). Determine o(h).
25
Let y(x) = -153*x - 151*x + 309*x + 7. Calculate y(-3).
-8
Suppose -4*c + 5*l = 41, 2*c + 2*l + 34 = -0*c. Let d = -8 - c. Let q(o) = -d - o - o + 5 - 3*o. Determine q(3).
-16
Suppose -12*z - 49 = 35. Let h(v) = -2*v - 9. Calculate h(z).
5
Let v(m) = m + 0*m - 17 + 32. Let a be v(0). Let g = a + -19. Let b(o) = -3*o - 3. What is b(g)?
9
Let w(r) = r**2 + 15*r + 2. Suppose 0 = 5*b + 75. Determine w(b).
2
Let h(g) = g + 8. Let x be h(-7). Suppose 7*j - 20 = -3*j. Let o = j + x. Let d(n) = -n**3 + 2*n**2 + 3*n - 2. What is d(o)?
-2
Let f(s) = -s + 3. Let i be ((-60)/(-35))/(2/14). Suppose -8*v + i = -220. Let c = v - 24. Determine f(c).
-2
Let p(t) be the second derivative of -3*t**5/20 + t**4/6 + 2*t**3/3 + t**2 + 13*t - 3. What is p(-2)?
26
Let n(v) = 3 + 0*v - 3*v + 3*v**2 - 4 + 3*v**3 - 2*v**3. Determine n(-3).
8
Let f(d) = d - 1. Suppose 15 = -5*s + 5*v, -3*s = 2*v - 0 - 1. Let w = s - -2. Let x be 8/(-4) + -4 + w. Give f(x).
-6
Let y(o) = -o. Let i(f) = -8*f + 1. Let m be (2 + 22/(-10))/((-8)/40). Let c(a) = m*i(a) - 5*y(a). Determine c(-3).
10
Let q(t) = -14*t - 515. Let k be q(-37). Let x(b) = 3*b**2 - 8*b - 2. Determine x(k).
1
Let l = 57 + -59. Let c be l/(-4)*-2*-2. Let m(j) = -j**2 - j + 2. What is m(c)?
-4
Let u(t) = -4*t**2 + 21*t - 10. Let i be u(5). Let g(q) = -q**3 - 4*q**2 + 3*q + 7. Determine g(i).
17
Let o = -123 - -75. Let a = -53 - o. Let w(z) = z**2 + 4*z + 2. Give w(a).
7
Let r(t) = t**3 + 8*t**2 + 5*t - 4. Let j be 185/(-25) + 18/45. Give r(j).
10
Let g(c) = 4*c**2 - c. Let u(t) = -17*t**2 + 3*t - 11. Let a(r) = -4*g(r) - u(r). Determine a(0).
11
Let g(z) = -5*z**3 + 9*z**2 + 5*z - 3. Let k(u) = -2*u**3 + u - 1. L